hat is the tens digit of f?
2
Let c(q) = -q**2 + 11*q + 3. Suppose 0*w - 42 = -2*p - 4*w, -9 = p - 4*w. What is the units digit of c(p)?
3
Let i(j) = -j**2 + 0 + 3 - 4*j + 3*j. Let r be i(0). Suppose 6*u - 15 = r*u. What is the units digit of u?
5
Let a be 0/1 + (-2)/(-1). Let x be 2/4 + 51/2. Suppose a*n + x = 4*c, -4*n - 4 = -2*c - 0. What is the units digit of c?
8
Let k(c) = 4 - 7 + c - 2*c. Let i be k(-6). Suppose -3*w - a + 2*a = -23, 2*w = i*a + 27. What is the units digit of w?
6
Let l(y) = 26*y**2 - y - 5. Let z be l(-4). What is the units digit of z/20 + 3/12?
1
Let v(z) be the second derivative of z**4/6 - z**3/6 + 3*z**2/2 + 2*z. What is the tens digit of v(-3)?
2
What is the tens digit of (-4)/(-14) - 1172/(-14)?
8
Let s(a) = 19*a - 2. Let x be s(3). Suppose 3*g - x = 74. Suppose -5*f - 55 = -5*m, -6*m + m = -2*f - g. What is the units digit of m?
7
Let o = 2 - 1. Suppose o = l - 2. What is the units digit of l?
3
Suppose 0 = 5*i - 2*i - 102. What is the tens digit of i?
3
Suppose -83 = 3*q - 17. Let v = q + 7. Let h = -9 - v. What is the units digit of h?
6
Let k(d) = -d - 5. Let b be k(-9). Suppose b*v = 2*w + 36, -5*v = -w - 20 - 22. What is the units digit of v?
8
Suppose -4*g = 5*t - 40, 0*t = -2*g + t + 34. What is the tens digit of g?
1
Suppose -t + 15 = -1. Let l = -28 + t. What is the units digit of (-28)/(-6) - 4/l?
5
Let b(r) = 3*r + 4. Let n be b(4). Suppose 3*j + j = n. What is the units digit of j?
4
Suppose 0 = -4*y - p + 171, 4*y - 165 = -0*y + p. What is the units digit of y?
2
Let g(z) = 2*z - 1. Let h be g(-1). What is the tens digit of (h/6)/((-2)/64)?
1
Suppose 5 - 2 = 3*c. Let y = -1 - c. Let d = 2 - y. What is the units digit of d?
4
Let i(o) = 8 + 0*o - o - 5*o + 2*o**2. Let x be i(6). What is the tens digit of (0 + -1)/((-4)/x)?
1
Let m = -38 + 89. What is the tens digit of m?
5
Let y be 13/3 - (-4)/6. Suppose b + 4*r = -b + 12, -y*b - 2*r = -54. What is the tens digit of b?
1
What is the tens digit of (-1 + 6)*(6 + 0)?
3
What is the tens digit of -6 + (3 - -1) - -21?
1
Let a = 2 + -4. Let c be (12/(-3))/a*5. Suppose -b + 5*t + 3 = 0, -b = -3*t - c + 3. What is the units digit of b?
3
Let m = -11 - -19. Suppose -m + 53 = g. What is the tens digit of g?
4
Suppose -3*v = -4*u + 11, -3*v = 2*u - 0*u + 35. What is the units digit of (-30)/(-20) + v/(-2)?
6
Suppose 1116 = 4*a + 5*a. What is the hundreds digit of a?
1
Let d(x) = x**3 + 6*x**2 + 3*x - 3. Let u be d(-5). Suppose 5*y = -3*a + 9, 2*a - 13 = -5*y + a. Let f = u - y. What is the units digit of f?
4
Let j be (-3)/(-18) + 23/6. What is the units digit of 48/(-6)*(-2)/j?
4
Suppose 0 = 2*d + 6, d - 87 = -2*k + 542. What is the hundreds digit of k?
3
Suppose -12 = -s - 3. What is the units digit of s?
9
Suppose 4*y + 19 = -5. Let o = y + 10. Let s = 8 - o. What is the units digit of s?
4
Let o = -20 + 36. Let k = o + -2. What is the units digit of k?
4
Let j(y) = -y - 2. Let b be j(-7). Suppose -v + b*v - 20 = 0. Suppose 0 = -v*x - 30 + 75. What is the units digit of x?
9
Let f = -14 - -16. Suppose -f*q + 3*u = -61, 2*q - 45 - 40 = -5*u. What is the tens digit of q?
3
Let r be 2 - (-28)/(2/1). Suppose 4*h - r = 16. What is the units digit of (-301)/(-28) - (-2)/h?
1
Let z be (4 - 5) + 5 + 1. Suppose 2*k = 5*x - 31 - z, -5*k = -4*x + 22. What is the units digit of x?
8
Suppose 110 = 4*h + 18. What is the units digit of h?
3
Suppose -2*q + 6 = -0*q. What is the units digit of (-145)/(-15) - 2/q?
9
What is the hundreds digit of -3 + -2 + (-1250)/(-10)?
1
Let h(j) be the first derivative of -j**3/3 - 2*j**2 + 5*j - 1. Let g be h(-5). Suppose -d + 2*b = g, 2*b - 22 = -4*d - b. What is the units digit of d?
4
Suppose -10*h = 281 - 3961. What is the tens digit of h?
6
Let c(f) = 5*f - 4. What is the units digit of c(7)?
1
Let v be (4/3)/((-18)/81). What is the units digit of 4*(-1 - 1)*v?
8
Suppose 2*r - 17 = 5*a, 3*a = -2*r - 17 - 6. Let w(o) = -o + 1. Let f be w(r). Suppose -f*p = 3*z - 1, 0*z = -3*z - p + 17. What is the units digit of z?
7
Let b = 3 + 0. Suppose -2*a = s - 13, -2*s = -2*a + 25 - b. What is the units digit of a?
8
Let p(h) be the third derivative of -1/120*h**6 - 1/3*h**3 - 1/12*h**4 - 3*h**2 + 0*h + 0 + 1/60*h**5. What is the units digit of p(-2)?
4
Suppose -4*k + 0*i = 2*i - 30, -2*k + 9 = -5*i. Suppose -3*q + k = -14. What is the units digit of q?
7
Let y be 1 + -1 + 0/3. Suppose -5*v = -3*v + 3*j - 24, y = j - 4. What is the units digit of v?
6
Let t(i) = i - 1. Let q(m) = 3 + 3 + 2 - 2. Let f(k) = q(k) - t(k). What is the units digit of f(0)?
7
Suppose 74 = -4*w + 242. What is the units digit of w?
2
Let x = 5 - 2. Let n be 2/6*3 - 1. Let d = n + x. What is the units digit of d?
3
Let q(j) be the second derivative of -j**4/12 - j**3 + 5*j**2 - j. What is the units digit of q(-7)?
3
Let j(x) = 4*x**3 - 3*x**3 - 13*x - 5*x**2 + 12*x. Let o be j(6). Suppose 3*r - 7 = -2*g - 0, -2*r = -3*g + o. What is the units digit of g?
8
What is the units digit of (-234)/(-4)*32/48?
9
Suppose 5*w + a = -18, -3*w - 3*a = -6*w. Let g(q) = -q**3 - 2*q**2 + 3*q - 4. Let p be g(w). What is the units digit of (-8)/p*(-3)/(-2)?
3
Let j(l) be the first derivative of -l**4/12 - 4*l**3/3 - 3*l**2/2 + 2. Let g(k) be the second derivative of j(k). What is the units digit of g(-10)?
2
Let j be 42/2 + -1 + -1. Let d = -7 + j. What is the units digit of d?
2
Let d be (-3 - 3/(-3)) + 2. Suppose d = 3*s, 4*g = 3*s + 8 + 24. What is the units digit of g?
8
Let o = -11 - -11. Suppose 5*g = 2*h - 24, 5*h + 6 = -4*g - o. What is the units digit of h?
2
Let a be (-1 - 3) + 3 - -3. Suppose -4 = a*n - 30. What is the units digit of n?
3
What is the units digit of 1 - 3/1 - -13?
1
Let u(i) = i**2 + 6. Let r be u(-7). Suppose 7*b = 2*b + r. Let k = b - 6. What is the units digit of k?
5
Let f(u) = -u**2 + 14*u - 2. What is the units digit of f(12)?
2
Suppose 0*k + 4*k - 164 = 0. Let i = k + -26. What is the tens digit of i?
1
Suppose 7*b - 12*b + 160 = 0. What is the tens digit of b?
3
Let s(h) = -h. Let n(k) = k**3 - 8*k**2 - 7*k - 11. Let c be n(9). Let j be 1*2*c/(-2). What is the units digit of s(j)?
7
Suppose -2 + 10 = 2*y. Suppose -y*n = -5*n + 15. What is the tens digit of n - (-1 - -1) - -2?
1
Suppose g + 6*v - v - 25 = 0, 4*g - 4 = 4*v. Let f be (-46)/14 - -3 - 23/(-7). Suppose -w - g*l + 12 = -f, -2*w = -5*l - 30. What is the units digit of w?
5
Let t = 5 + -10. Suppose -s = s + 4. What is the units digit of t/((-5)/s) + 10?
8
Let v(a) = 2*a**2 - 11*a - 6. What is the tens digit of v(8)?
3
Suppose 8 - 3 = 5*r. What is the units digit of r?
1
Let o be 23/2 + (-3)/(-6). Let g = 5 - 2. Suppose -g*r - r = -o. What is the units digit of r?
3
Let f(x) be the second derivative of 2*x**3/3 + x**2 + x. Let t be f(6). Suppose 2 = 4*a - t. What is the units digit of a?
7
Let x be (3 - 5)*9/(-6). Suppose 48 = -x*v + 174. What is the tens digit of v?
4
Let p = 1 - 0. Let t(n) = n**2 - 12*n - 11. Let u be t(13). What is the units digit of p*u + 0/5?
2
Suppose 3*p + 5*u = 105 - 32, -8 = 2*u. What is the units digit of p?
1
Let g be 24/14 - 8/(-28). Suppose 5*n + 27 = 4*p, g*n + 3 = p - 3*n. What is the units digit of p?
8
Let b(s) = -2*s**3 - s**2 + 2*s - 1. Let w be b(-2). Let p be 1/(-2) + w/2. Suppose l - 49 = -p*a + 3*l, -5*a - l = -73. What is the units digit of a?
5
Let x(r) = -r**3 - r**2 + r + 24. What is the tens digit of x(0)?
2
Suppose 36 = 7*a - 3*a. Suppose 2*j + a = 5*j - 5*h, j - 3 = -3*h. Suppose -j*i - 9 = -0*i - 5*g, 0 = -i - 3*g + 11. What is the units digit of i?
2
Let n(q) = 2*q**2 - 6*q - 15. What is the units digit of n(7)?
1
Let h = 12 - 13. What is the units digit of 6 + -2 + h + 14?
7
Let u be (-1 - -1) + (-1 - -2). Suppose 41 = 5*m - 2*n, 3*n = -m + 5*n + 13. Let w = m + u. What is the units digit of w?
8
Let v(o) be the third derivative of o**4/24 - o**3/2 + o**2. Let a be v(3). Suppose -8 = -a*k - 2*k. What is the units digit of k?
4
Suppose -5*w + 53 = d - 87, 3*w - 84 = -d. Let p = -18 + w. What is the units digit of p?
0
What is the units digit of (-30)/(-8) - (-5)/20?
4
Let u be 6*(-2)/(-2)*-1. Let i = u - -4. What is the units digit of (i/(-3))/((-4)/(-54))?
9
Let a = -96 + 158. What is the tens digit of a?
6
What is the units digit of (-1*2)/(1/